{"id":1086,"date":"2023-12-27T23:42:22","date_gmt":"2023-12-27T22:42:22","guid":{"rendered":"https:\/\/i-workspace.ovh\/?page_id=1086"},"modified":"2023-12-27T23:54:56","modified_gmt":"2023-12-27T22:54:56","slug":"vim","status":"publish","type":"page","link":"https:\/\/intenz.fr\/index.php\/vim\/","title":{"rendered":"VIM"},"content":{"rendered":"\t\t<div data-elementor-type=\"wp-page\" data-elementor-id=\"1086\" class=\"elementor elementor-1086\">\n\t\t\t\t<div class=\"elementor-element elementor-element-7ffef8f e-flex e-con-boxed e-con e-parent\" data-id=\"7ffef8f\" data-element_type=\"container\">\n\t\t\t\t\t<div class=\"e-con-inner\">\n\t\t<div class=\"elementor-element elementor-element-ef27d7e e-flex e-con-boxed e-con e-child\" data-id=\"ef27d7e\" data-element_type=\"container\">\n\t\t\t\t\t<div class=\"e-con-inner\">\n\t\t\t\t<div class=\"elementor-element elementor-element-545ac2d elementor-widget elementor-widget-heading\" data-id=\"545ac2d\" data-element_type=\"widget\" data-widget_type=\"heading.default\">\n\t\t\t\t<div class=\"elementor-widget-container\">\n\t\t\t\t\t<h2 class=\"elementor-heading-title elementor-size-default\">Vendor Invoice Management : Rationalisez les processus financiers.<\/h2>\t\t\t\t<\/div>\n\t\t\t\t<\/div>\n\t\t\t\t\t<\/div>\n\t\t\t\t<\/div>\n\t\t\t\t\t<\/div>\n\t\t\t\t<\/div>\n\t\t<div class=\"elementor-element elementor-element-88126a6 e-flex e-con-boxed e-con e-parent\" data-id=\"88126a6\" data-element_type=\"container\">\n\t\t\t\t\t<div class=\"e-con-inner\">\n\t\t\t\t<div class=\"elementor-element elementor-element-02129b0 elementor-widget elementor-widget-heading\" data-id=\"02129b0\" data-element_type=\"widget\" data-widget_type=\"heading.default\">\n\t\t\t\t<div class=\"elementor-widget-container\">\n\t\t\t\t\t<h3 class=\"elementor-heading-title elementor-size-default\">Optimisez la gestion de vos factures fournisseurs<\/h3>\t\t\t\t<\/div>\n\t\t\t\t<\/div>\n\t\t\t\t<div class=\"elementor-element elementor-element-fdf36d7 elementor-widget elementor-widget-text-editor\" data-id=\"fdf36d7\" data-element_type=\"widget\" data-widget_type=\"text-editor.default\">\n\t\t\t\t<div class=\"elementor-widget-container\">\n\t\t\t\t\t\t\t\t\t<p>OpenText\u2122 Vendor Invoice Management for SAP\u00ae Solutions repr\u00e9sente une solution innovante pour la gestion et le traitement des factures, int\u00e9gr\u00e9e de mani\u00e8re transparente \u00e0 l&rsquo;environnement SAP.<\/p><p>En exploitant des r\u00e8gles, des r\u00f4les, et des actions pr\u00e9configur\u00e9s, cette solution perfectionne et automatise l&rsquo;int\u00e9gralit\u00e9 du processus, de la r\u00e9ception \u00e0 la comptabilisation. Elle englobe des proc\u00e9dures d\u00e9di\u00e9es aux factures, aux commandes de vente, ainsi qu&rsquo;aux bons de livraison, tout en offrant un support complet pour les processus de documents sur mesure.<\/p><p>La solution int\u00e8gre les donn\u00e9es, quel que soit leur canal d&rsquo;acquisition ( XML, IDOC, Email, Pdf, &#8230; ). En l&rsquo;absence de donn\u00e9es d\u00e9mat\u00e9rialis\u00e9es, l&rsquo;OCR d&rsquo;OpenText interpr\u00eate automatiquement le contenu du formulaire, et lance le traitement d&rsquo;int\u00e9gration et de validation dans SAP.<\/p><p>Cette solution centralise et automatise le traitement des factures fournisseurs, am\u00e9liorant consid\u00e9rablement la productivit\u00e9 tout en r\u00e9duisant les erreurs manuelles.<\/p>\t\t\t\t\t\t\t\t<\/div>\n\t\t\t\t<\/div>\n\t\t\t\t\t<\/div>\n\t\t\t\t<\/div>\n\t\t<div class=\"elementor-element elementor-element-f8eae22 e-flex e-con-boxed e-con e-parent\" data-id=\"f8eae22\" data-element_type=\"container\">\n\t\t\t\t\t<div class=\"e-con-inner\">\n\t\t\t\t<div class=\"elementor-element elementor-element-803cabe elementor-widget elementor-widget-heading\" data-id=\"803cabe\" data-element_type=\"widget\" data-widget_type=\"heading.default\">\n\t\t\t\t<div class=\"elementor-widget-container\">\n\t\t\t\t\t<h3 class=\"elementor-heading-title elementor-size-default\">Les \u00e9tapes clefs d'un processus VIM<\/h3>\t\t\t\t<\/div>\n\t\t\t\t<\/div>\n\t\t\t\t<div class=\"elementor-element elementor-element-954b883 elementor-widget elementor-widget-text-editor\" data-id=\"954b883\" data-element_type=\"widget\" data-widget_type=\"text-editor.default\">\n\t\t\t\t<div class=\"elementor-widget-container\">\n\t\t\t\t\t\t\t\t\t<ul><li style=\"list-style-type: none;\"><ul><li style=\"list-style-type: none;\"><ul><li><span style=\"color: #e3ac2b;\"><strong>Num\u00e9risation \/ Import \u00e9lectronique \/ Archivage.<\/strong><\/span><\/li><\/ul><\/li><\/ul><\/li><\/ul><p>Les factures fournisseurs sont captur\u00e9es\u00a0 d\u00e8s leur r\u00e9ception. VIM permet une r\u00e9ception fluide, que ce soit par voie \u00e9lectronique, e-mail, ou tout autre canal d\u00e9fini, garantissant une centralisation efficace des documents.<\/p><ul><li style=\"list-style-type: none;\"><ul><li style=\"list-style-type: none;\"><ul><li><span style=\"color: #e3ac2b;\"><strong>Capture \/ Transformation.<\/strong><\/span><\/li><\/ul><\/li><\/ul><\/li><\/ul><p>Une fois re\u00e7ues, les factures subissent un processus de transformation automatis\u00e9. OpenText VIM utilise des technologies avanc\u00e9es, y compris la reconnaissance optique de caract\u00e8res (OCR), pour extraire les donn\u00e9es cl\u00e9s et les int\u00e9grer de mani\u00e8re transparente dans le syst\u00e8me SAP.<\/p><ul><li style=\"list-style-type: none;\"><ul><li style=\"list-style-type: none;\"><ul><li><span style=\"color: #e3ac2b;\"><strong>Indexation \/ Validation.<\/strong><\/span><\/li><\/ul><\/li><\/ul><\/li><\/ul><p>Les donn\u00e9es extraites sont soumises \u00e0 une v\u00e9rification rigoureuse par rapport aux r\u00e8gles pr\u00e9d\u00e9finies et aux donn\u00e9es existantes dans le syst\u00e8me. Les informations manquantes ou incorrectes sont compl\u00e9t\u00e9es de mani\u00e8re automatis\u00e9e ou requi\u00e8rent une intervention humaine, garantissant une exactitude maximale. Les factures passent par un processus d&rsquo;approbation configurable en fonction des r\u00e8gles de l&rsquo;entreprise. Les workflows d&rsquo;approbation garantissent une conformit\u00e9 rigoureuse tout en acc\u00e9l\u00e9rant le processus global.<\/p><ul><li style=\"list-style-type: none;\"><ul><li style=\"list-style-type: none;\"><ul><li><span style=\"color: #e3ac2b;\"><strong>Comptabilisation.<\/strong><\/span><\/li><\/ul><\/li><\/ul><\/li><\/ul><p>Une fois les factures approuv\u00e9es, VIM facilite la cr\u00e9ation des documents comptables et d\u00e9clenche le processus de paiement.<\/p><p>\u00a0<\/p>\t\t\t\t\t\t\t\t<\/div>\n\t\t\t\t<\/div>\n\t\t\t\t<div class=\"elementor-element elementor-element-f39f54f elementor-widget elementor-widget-image\" data-id=\"f39f54f\" data-element_type=\"widget\" data-widget_type=\"image.default\">\n\t\t\t\t<div class=\"elementor-widget-container\">\n\t\t\t\t\t\t\t\t\t\t\t\t\t\t\t<img fetchpriority=\"high\" decoding=\"async\" width=\"750\" height=\"535\" src=\"https:\/\/intenz.fr\/wp-content\/uploads\/2023\/12\/VIM_Process-1.png\" class=\"attachment-full size-full wp-image-1089\" alt=\"\" srcset=\"https:\/\/intenz.fr\/wp-content\/uploads\/2023\/12\/VIM_Process-1.png 750w, https:\/\/intenz.fr\/wp-content\/uploads\/2023\/12\/VIM_Process-1-300x214.png 300w\" sizes=\"(max-width: 750px) 100vw, 750px\" \/>\t\t\t\t\t\t\t\t\t\t\t\t\t\t\t<\/div>\n\t\t\t\t<\/div>\n\t\t\t\t\t<\/div>\n\t\t\t\t<\/div>\n\t\t<div class=\"elementor-element elementor-element-8c85584 e-flex e-con-boxed e-con e-parent\" data-id=\"8c85584\" data-element_type=\"container\">\n\t\t\t\t\t<div class=\"e-con-inner\">\n\t\t\t\t<div class=\"elementor-element elementor-element-455d328 elementor-widget elementor-widget-heading\" data-id=\"455d328\" data-element_type=\"widget\" data-widget_type=\"heading.default\">\n\t\t\t\t<div class=\"elementor-widget-container\">\n\t\t\t\t\t<h3 class=\"elementor-heading-title elementor-size-default\">Fonctionnalit\u00e9s Innovantes de VIM<\/h3>\t\t\t\t<\/div>\n\t\t\t\t<\/div>\n\t\t\t\t<div class=\"elementor-element elementor-element-fa4c5f9 elementor-widget elementor-widget-text-editor\" data-id=\"fa4c5f9\" data-element_type=\"widget\" data-widget_type=\"text-editor.default\">\n\t\t\t\t<div class=\"elementor-widget-container\">\n\t\t\t\t\t\t\t\t\t<p><strong>Smart Coding :<\/strong> La fonctionnalit\u00e9 Smart Coding de VIM r\u00e9volutionne le traitement des factures en automatisant l&rsquo;attribution intelligente des codes comptables. Gr\u00e2ce \u00e0 des algorithmes avanc\u00e9s, Smart Coding apprend des sch\u00e9mas d&rsquo;affectation pass\u00e9s et applique ces connaissances pour sugg\u00e9rer automatiquement les codes appropri\u00e9s, r\u00e9duisant ainsi le temps n\u00e9cessaire \u00e0 la saisie manuelle et minimisant les erreurs.<\/p><p><strong>D\u00e9termination des Business Partners :<\/strong> VIM excelle dans la d\u00e9termination automatique des partenaires commerciaux associ\u00e9s aux factures. En utilisant des m\u00e9canismes de correspondance intelligents, cette fonctionnalit\u00e9 identifie les partenaires commerciaux, associant correctement les factures aux fournisseurs appropri\u00e9s, ce qui simplifie consid\u00e9rablement le processus de gestion des documents financiers.<\/p><p><strong>Fonctionnalit\u00e9 de traduction avanc\u00e9e<\/strong> : Dans ses versions les plus r\u00e9centes, VIM poss\u00e8de un module de traduction des commentaires. Ce module principalement utilis\u00e9 dans les grandes entreprises permet de mettre \u00e0 disposition automatiquement les commentaires des utilisateurs dans diff\u00e9rentes langues.<\/p><p><strong>Capacit\u00e9s RPA (Robotic Process Automation) :<\/strong> Int\u00e9grant des capacit\u00e9s avanc\u00e9es de RPA, VIM automatise les t\u00e2ches r\u00e9p\u00e9titives et chronophages du processus de gestion des factures. Les robots logiciels de VIM effectuent des actions telles que la saisie de donn\u00e9es, la v\u00e9rification des informations, et m\u00eame l&rsquo;interaction avec d&rsquo;autres syst\u00e8mes, lib\u00e9rant ainsi les ressources humaines pour des t\u00e2ches \u00e0 plus forte valeur ajout\u00e9e.<\/p>\t\t\t\t\t\t\t\t<\/div>\n\t\t\t\t<\/div>\n\t\t\t\t<div class=\"elementor-element elementor-element-0c37bed elementor-widget elementor-widget-image\" data-id=\"0c37bed\" data-element_type=\"widget\" data-widget_type=\"image.default\">\n\t\t\t\t<div class=\"elementor-widget-container\">\n\t\t\t\t\t\t\t\t\t\t\t\t\t\t\t<img decoding=\"async\" width=\"896\" height=\"294\" src=\"https:\/\/intenz.fr\/wp-content\/uploads\/2023\/12\/VIM_irpa.png\" class=\"attachment-large size-large wp-image-1090\" alt=\"\" srcset=\"https:\/\/intenz.fr\/wp-content\/uploads\/2023\/12\/VIM_irpa.png 896w, https:\/\/intenz.fr\/wp-content\/uploads\/2023\/12\/VIM_irpa-300x98.png 300w, https:\/\/intenz.fr\/wp-content\/uploads\/2023\/12\/VIM_irpa-768x252.png 768w\" sizes=\"(max-width: 896px) 100vw, 896px\" \/>\t\t\t\t\t\t\t\t\t\t\t\t\t\t\t<\/div>\n\t\t\t\t<\/div>\n\t\t\t\t<div class=\"elementor-element elementor-element-2e8bf63 elementor-widget elementor-widget-text-editor\" data-id=\"2e8bf63\" data-element_type=\"widget\" data-widget_type=\"text-editor.default\">\n\t\t\t\t<div class=\"elementor-widget-container\">\n\t\t\t\t\t\t\t\t\t<p><strong>Des sc\u00e9narios pr\u00e9configur\u00e9s et une compatibilit\u00e9 absolue<\/strong>\u00a0: Ces sc\u00e9narios permettent de gagner un temps consid\u00e9rable dans l&rsquo;impl\u00e9mentation de VIM dans vos processus.\u00a0<\/p>\t\t\t\t\t\t\t\t<\/div>\n\t\t\t\t<\/div>\n\t\t\t\t<div class=\"elementor-element elementor-element-342dd49 elementor-widget elementor-widget-image\" data-id=\"342dd49\" data-element_type=\"widget\" data-widget_type=\"image.default\">\n\t\t\t\t<div class=\"elementor-widget-container\">\n\t\t\t\t\t\t\t\t\t\t\t\t\t\t\t<img decoding=\"async\" width=\"1024\" height=\"550\" src=\"https:\/\/intenz.fr\/wp-content\/uploads\/2023\/12\/VIM_preconf_scenario-1024x550.png\" class=\"attachment-large size-large wp-image-1091\" alt=\"\" srcset=\"https:\/\/intenz.fr\/wp-content\/uploads\/2023\/12\/VIM_preconf_scenario-1024x550.png 1024w, https:\/\/intenz.fr\/wp-content\/uploads\/2023\/12\/VIM_preconf_scenario-300x161.png 300w, https:\/\/intenz.fr\/wp-content\/uploads\/2023\/12\/VIM_preconf_scenario-768x412.png 768w, https:\/\/intenz.fr\/wp-content\/uploads\/2023\/12\/VIM_preconf_scenario.png 1200w\" sizes=\"(max-width: 1024px) 100vw, 1024px\" \/>\t\t\t\t\t\t\t\t\t\t\t\t\t\t\t<\/div>\n\t\t\t\t<\/div>\n\t\t\t\t<div class=\"elementor-element elementor-element-32c1096 elementor-widget elementor-widget-text-editor\" data-id=\"32c1096\" data-element_type=\"widget\" data-widget_type=\"text-editor.default\">\n\t\t\t\t<div class=\"elementor-widget-container\">\n\t\t\t\t\t\t\t\t\t<p style=\"text-align: center;\"><strong>Nos experts vous accompagnent dans la configuration de toute la solution SAP, du param\u00e9trage aux \u00e9ventuels d\u00e9veloppements sp\u00e9cifiques compl\u00e9mentaires.<\/strong><\/p>\t\t\t\t\t\t\t\t<\/div>\n\t\t\t\t<\/div>\n\t\t\t\t\t<\/div>\n\t\t\t\t<\/div>\n\t\t\t\t<\/div>\n\t\t","protected":false},"excerpt":{"rendered":"<p>Vendor Invoice Management : Rationalisez les processus financiers. Optimisez la gestion de vos factures fournisseurs OpenText\u2122 Vendor Invoice Management for SAP\u00ae Solutions repr\u00e9sente une solution innovante pour la gestion et le traitement des factures, int\u00e9gr\u00e9e de mani\u00e8re transparente \u00e0 l&rsquo;environnement SAP. En exploitant des r\u00e8gles, des r\u00f4les, et des actions pr\u00e9configur\u00e9s, cette solution perfectionne et&hellip;&nbsp;<a href=\"https:\/\/intenz.fr\/index.php\/vim\/\" class=\"\" rel=\"bookmark\">Lire la suite &raquo;<span class=\"screen-reader-text\">VIM<\/span><\/a><\/p>\n","protected":false},"author":1,"featured_media":0,"parent":0,"menu_order":0,"comment_status":"closed","ping_status":"closed","template":"page-templates\/template-pagebuilder-full-width.php","meta":{"neve_meta_sidebar":"","neve_meta_container":"","neve_meta_enable_content_width":"","neve_meta_content_width":0,"neve_meta_title_alignment":"","neve_meta_author_avatar":"","neve_post_elements_order":"","neve_meta_disable_header":"","neve_meta_disable_footer":"","neve_meta_disable_title":"","footnotes":""},"class_list":["post-1086","page","type-page","status-publish","hentry"],"yoast_head":"<!-- This site is optimized with the Yoast SEO plugin v24.1 - https:\/\/yoast.com\/wordpress\/plugins\/seo\/ -->\n<title>VIM - InTenz<\/title>\n<meta name=\"robots\" content=\"index, follow, max-snippet:-1, max-image-preview:large, max-video-preview:-1\" \/>\n<link rel=\"canonical\" href=\"https:\/\/intenz.fr\/index.php\/vim\/\" \/>\n<meta property=\"og:locale\" content=\"fr_FR\" \/>\n<meta property=\"og:type\" content=\"article\" \/>\n<meta property=\"og:title\" content=\"VIM - InTenz\" \/>\n<meta property=\"og:description\" content=\"Vendor Invoice Management : Rationalisez les processus financiers. Optimisez la gestion de vos factures fournisseurs OpenText\u2122 Vendor Invoice Management for SAP\u00ae Solutions repr\u00e9sente une solution innovante pour la gestion et le traitement des factures, int\u00e9gr\u00e9e de mani\u00e8re transparente \u00e0 l&rsquo;environnement SAP. En exploitant des r\u00e8gles, des r\u00f4les, et des actions pr\u00e9configur\u00e9s, cette solution perfectionne et&hellip;&nbsp;Lire la suite &raquo;VIM\" \/>\n<meta property=\"og:url\" content=\"https:\/\/intenz.fr\/index.php\/vim\/\" \/>\n<meta property=\"og:site_name\" content=\"InTenz\" \/>\n<meta property=\"article:modified_time\" content=\"2023-12-27T22:54:56+00:00\" \/>\n<meta property=\"og:image\" content=\"http:\/\/i-workspace.ovh\/wp-content\/uploads\/2023\/12\/VIM_Process-1.png\" \/>\n<meta name=\"twitter:card\" content=\"summary_large_image\" \/>\n<meta name=\"twitter:label1\" content=\"Dur\u00e9e de lecture estim\u00e9e\" \/>\n\t<meta name=\"twitter:data1\" content=\"3 minutes\" \/>\n<script type=\"application\/ld+json\" class=\"yoast-schema-graph\">{\"@context\":\"https:\/\/schema.org\",\"@graph\":[{\"@type\":\"WebPage\",\"@id\":\"https:\/\/intenz.fr\/index.php\/vim\/\",\"url\":\"https:\/\/intenz.fr\/index.php\/vim\/\",\"name\":\"VIM - InTenz\",\"isPartOf\":{\"@id\":\"https:\/\/intenz.fr\/#website\"},\"primaryImageOfPage\":{\"@id\":\"https:\/\/intenz.fr\/index.php\/vim\/#primaryimage\"},\"image\":{\"@id\":\"https:\/\/intenz.fr\/index.php\/vim\/#primaryimage\"},\"thumbnailUrl\":\"http:\/\/i-workspace.ovh\/wp-content\/uploads\/2023\/12\/VIM_Process-1.png\",\"datePublished\":\"2023-12-27T22:42:22+00:00\",\"dateModified\":\"2023-12-27T22:54:56+00:00\",\"breadcrumb\":{\"@id\":\"https:\/\/intenz.fr\/index.php\/vim\/#breadcrumb\"},\"inLanguage\":\"fr-FR\",\"potentialAction\":[{\"@type\":\"ReadAction\",\"target\":[\"https:\/\/intenz.fr\/index.php\/vim\/\"]}]},{\"@type\":\"ImageObject\",\"inLanguage\":\"fr-FR\",\"@id\":\"https:\/\/intenz.fr\/index.php\/vim\/#primaryimage\",\"url\":\"http:\/\/i-workspace.ovh\/wp-content\/uploads\/2023\/12\/VIM_Process-1.png\",\"contentUrl\":\"http:\/\/i-workspace.ovh\/wp-content\/uploads\/2023\/12\/VIM_Process-1.png\"},{\"@type\":\"BreadcrumbList\",\"@id\":\"https:\/\/intenz.fr\/index.php\/vim\/#breadcrumb\",\"itemListElement\":[{\"@type\":\"ListItem\",\"position\":1,\"name\":\"Accueil\",\"item\":\"https:\/\/intenz.fr\/\"},{\"@type\":\"ListItem\",\"position\":2,\"name\":\"VIM\"}]},{\"@type\":\"WebSite\",\"@id\":\"https:\/\/intenz.fr\/#website\",\"url\":\"https:\/\/intenz.fr\/\",\"name\":\"InTenz\",\"description\":\"\",\"publisher\":{\"@id\":\"https:\/\/intenz.fr\/#organization\"},\"potentialAction\":[{\"@type\":\"SearchAction\",\"target\":{\"@type\":\"EntryPoint\",\"urlTemplate\":\"https:\/\/intenz.fr\/?s={search_term_string}\"},\"query-input\":{\"@type\":\"PropertyValueSpecification\",\"valueRequired\":true,\"valueName\":\"search_term_string\"}}],\"inLanguage\":\"fr-FR\"},{\"@type\":\"Organization\",\"@id\":\"https:\/\/intenz.fr\/#organization\",\"name\":\"InTenz\",\"url\":\"https:\/\/intenz.fr\/\",\"logo\":{\"@type\":\"ImageObject\",\"inLanguage\":\"fr-FR\",\"@id\":\"https:\/\/intenz.fr\/#\/schema\/logo\/image\/\",\"url\":\"https:\/\/intenz.fr\/wp-content\/uploads\/2023\/12\/Intenz_Logo_sans_fond.png\",\"contentUrl\":\"https:\/\/intenz.fr\/wp-content\/uploads\/2023\/12\/Intenz_Logo_sans_fond.png\",\"width\":1920,\"height\":1080,\"caption\":\"InTenz\"},\"image\":{\"@id\":\"https:\/\/intenz.fr\/#\/schema\/logo\/image\/\"},\"sameAs\":[\"https:\/\/www.linkedin.com\/company\/intenz-groupe-codilog\/\"]}]}<\/script>\n<!-- \/ Yoast SEO plugin. -->","yoast_head_json":{"title":"VIM - InTenz","robots":{"index":"index","follow":"follow","max-snippet":"max-snippet:-1","max-image-preview":"max-image-preview:large","max-video-preview":"max-video-preview:-1"},"canonical":"https:\/\/intenz.fr\/index.php\/vim\/","og_locale":"fr_FR","og_type":"article","og_title":"VIM - InTenz","og_description":"Vendor Invoice Management : Rationalisez les processus financiers. Optimisez la gestion de vos factures fournisseurs OpenText\u2122 Vendor Invoice Management for SAP\u00ae Solutions repr\u00e9sente une solution innovante pour la gestion et le traitement des factures, int\u00e9gr\u00e9e de mani\u00e8re transparente \u00e0 l&rsquo;environnement SAP. En exploitant des r\u00e8gles, des r\u00f4les, et des actions pr\u00e9configur\u00e9s, cette solution perfectionne et&hellip;&nbsp;Lire la suite &raquo;VIM","og_url":"https:\/\/intenz.fr\/index.php\/vim\/","og_site_name":"InTenz","article_modified_time":"2023-12-27T22:54:56+00:00","og_image":[{"url":"http:\/\/i-workspace.ovh\/wp-content\/uploads\/2023\/12\/VIM_Process-1.png","type":"","width":"","height":""}],"twitter_card":"summary_large_image","twitter_misc":{"Dur\u00e9e de lecture estim\u00e9e":"3 minutes"},"schema":{"@context":"https:\/\/schema.org","@graph":[{"@type":"WebPage","@id":"https:\/\/intenz.fr\/index.php\/vim\/","url":"https:\/\/intenz.fr\/index.php\/vim\/","name":"VIM - InTenz","isPartOf":{"@id":"https:\/\/intenz.fr\/#website"},"primaryImageOfPage":{"@id":"https:\/\/intenz.fr\/index.php\/vim\/#primaryimage"},"image":{"@id":"https:\/\/intenz.fr\/index.php\/vim\/#primaryimage"},"thumbnailUrl":"http:\/\/i-workspace.ovh\/wp-content\/uploads\/2023\/12\/VIM_Process-1.png","datePublished":"2023-12-27T22:42:22+00:00","dateModified":"2023-12-27T22:54:56+00:00","breadcrumb":{"@id":"https:\/\/intenz.fr\/index.php\/vim\/#breadcrumb"},"inLanguage":"fr-FR","potentialAction":[{"@type":"ReadAction","target":["https:\/\/intenz.fr\/index.php\/vim\/"]}]},{"@type":"ImageObject","inLanguage":"fr-FR","@id":"https:\/\/intenz.fr\/index.php\/vim\/#primaryimage","url":"http:\/\/i-workspace.ovh\/wp-content\/uploads\/2023\/12\/VIM_Process-1.png","contentUrl":"http:\/\/i-workspace.ovh\/wp-content\/uploads\/2023\/12\/VIM_Process-1.png"},{"@type":"BreadcrumbList","@id":"https:\/\/intenz.fr\/index.php\/vim\/#breadcrumb","itemListElement":[{"@type":"ListItem","position":1,"name":"Accueil","item":"https:\/\/intenz.fr\/"},{"@type":"ListItem","position":2,"name":"VIM"}]},{"@type":"WebSite","@id":"https:\/\/intenz.fr\/#website","url":"https:\/\/intenz.fr\/","name":"InTenz","description":"","publisher":{"@id":"https:\/\/intenz.fr\/#organization"},"potentialAction":[{"@type":"SearchAction","target":{"@type":"EntryPoint","urlTemplate":"https:\/\/intenz.fr\/?s={search_term_string}"},"query-input":{"@type":"PropertyValueSpecification","valueRequired":true,"valueName":"search_term_string"}}],"inLanguage":"fr-FR"},{"@type":"Organization","@id":"https:\/\/intenz.fr\/#organization","name":"InTenz","url":"https:\/\/intenz.fr\/","logo":{"@type":"ImageObject","inLanguage":"fr-FR","@id":"https:\/\/intenz.fr\/#\/schema\/logo\/image\/","url":"https:\/\/intenz.fr\/wp-content\/uploads\/2023\/12\/Intenz_Logo_sans_fond.png","contentUrl":"https:\/\/intenz.fr\/wp-content\/uploads\/2023\/12\/Intenz_Logo_sans_fond.png","width":1920,"height":1080,"caption":"InTenz"},"image":{"@id":"https:\/\/intenz.fr\/#\/schema\/logo\/image\/"},"sameAs":["https:\/\/www.linkedin.com\/company\/intenz-groupe-codilog\/"]}]}},"_links":{"self":[{"href":"https:\/\/intenz.fr\/index.php\/wp-json\/wp\/v2\/pages\/1086","targetHints":{"allow":["GET"]}}],"collection":[{"href":"https:\/\/intenz.fr\/index.php\/wp-json\/wp\/v2\/pages"}],"about":[{"href":"https:\/\/intenz.fr\/index.php\/wp-json\/wp\/v2\/types\/page"}],"author":[{"embeddable":true,"href":"https:\/\/intenz.fr\/index.php\/wp-json\/wp\/v2\/users\/1"}],"replies":[{"embeddable":true,"href":"https:\/\/intenz.fr\/index.php\/wp-json\/wp\/v2\/comments?post=1086"}],"version-history":[{"count":5,"href":"https:\/\/intenz.fr\/index.php\/wp-json\/wp\/v2\/pages\/1086\/revisions"}],"predecessor-version":[{"id":1095,"href":"https:\/\/intenz.fr\/index.php\/wp-json\/wp\/v2\/pages\/1086\/revisions\/1095"}],"wp:attachment":[{"href":"https:\/\/intenz.fr\/index.php\/wp-json\/wp\/v2\/media?parent=1086"}],"curies":[{"name":"wp","href":"https:\/\/api.w.org\/{rel}","templated":true}]}}