{"id":13,"date":"2023-10-11T09:11:59","date_gmt":"2023-10-11T07:11:59","guid":{"rendered":"http:\/\/i-workspace.ovh\/?page_id=13"},"modified":"2023-12-09T12:28:49","modified_gmt":"2023-12-09T11:28:49","slug":"nous-rejoindre","status":"publish","type":"page","link":"https:\/\/intenz.fr\/index.php\/nous-rejoindre\/","title":{"rendered":"Nous rejoindre"},"content":{"rendered":"\t\t<div data-elementor-type=\"wp-page\" data-elementor-id=\"13\" class=\"elementor elementor-13\">\n\t\t\t\t<div class=\"elementor-element elementor-element-56fce477 e-flex e-con-boxed e-con e-parent\" data-id=\"56fce477\" data-element_type=\"container\">\n\t\t\t\t\t<div class=\"e-con-inner\">\n\t\t<div class=\"elementor-element elementor-element-1070bf9 e-con-full e-flex e-con e-child\" data-id=\"1070bf9\" data-element_type=\"container\">\n\t\t\t\t<div class=\"elementor-element elementor-element-4544235 elementor-widget elementor-widget-text-editor\" data-id=\"4544235\" data-element_type=\"widget\" data-widget_type=\"text-editor.default\">\n\t\t\t\t<div class=\"elementor-widget-container\">\n\t\t\t\t\t\t\t\t\t<h2><strong>Rejoignez l&rsquo;aventure &#8230;<\/strong><\/h2>\t\t\t\t\t\t\t\t<\/div>\n\t\t\t\t<\/div>\n\t\t<div class=\"elementor-element elementor-element-d628647 e-con-full elementor-hidden-tablet elementor-hidden-mobile e-flex e-con e-child\" data-id=\"d628647\" data-element_type=\"container\" data-settings=\"{&quot;position&quot;:&quot;absolute&quot;}\">\n\t\t\t\t<div class=\"elementor-element elementor-element-905a778 elementor-widget elementor-widget-text-editor\" data-id=\"905a778\" data-element_type=\"widget\" data-widget_type=\"text-editor.default\">\n\t\t\t\t<div class=\"elementor-widget-container\">\n\t\t\t\t\t\t\t\t\t<p><span style=\"font-weight: 400;\">InTenz, <\/span><\/p><p><span style=\"font-weight: 400;\">soci\u00e9t\u00e9 de conseil experte en solutions SAP, est une entreprise situ\u00e9e dans la r\u00e9gion parisienne. Notre priorit\u00e9 est d&rsquo;offrir \u00e0 nos clients une expertise individualis\u00e9e et p\u00e9renne, gr\u00e2ce \u00e0 notre \u00e9quipe exp\u00e9riment\u00e9e de consultants.\u00a0<\/span><\/p><p><span style=\"font-weight: 400;\">Int\u00e9grez une \u00e9quipe dynamique, talentueuse et soucieuse du d\u00e9veloppement de ses collaborateurs en nous rejoignant.<\/span><\/p>\t\t\t\t\t\t\t\t<\/div>\n\t\t\t\t<\/div>\n\t\t\t\t<\/div>\n\t\t\t\t<div class=\"elementor-element elementor-element-c2965bb elementor-widget elementor-widget-image\" data-id=\"c2965bb\" data-element_type=\"widget\" data-widget_type=\"image.default\">\n\t\t\t\t<div class=\"elementor-widget-container\">\n\t\t\t\t\t\t\t\t\t\t\t\t\t\t\t<img fetchpriority=\"high\" decoding=\"async\" width=\"1200\" height=\"481\" src=\"https:\/\/intenz.fr\/wp-content\/uploads\/2023\/11\/Join_us_large.png\" class=\"attachment-full size-full wp-image-285\" alt=\"\" srcset=\"https:\/\/intenz.fr\/wp-content\/uploads\/2023\/11\/Join_us_large.png 1200w, https:\/\/intenz.fr\/wp-content\/uploads\/2023\/11\/Join_us_large-300x120.png 300w, https:\/\/intenz.fr\/wp-content\/uploads\/2023\/11\/Join_us_large-1024x410.png 1024w, https:\/\/intenz.fr\/wp-content\/uploads\/2023\/11\/Join_us_large-768x308.png 768w\" sizes=\"(max-width: 1200px) 100vw, 1200px\" \/>\t\t\t\t\t\t\t\t\t\t\t\t\t\t\t<\/div>\n\t\t\t\t<\/div>\n\t\t<div class=\"elementor-element elementor-element-10ac133 e-con-full elementor-hidden-desktop e-flex e-con e-child\" data-id=\"10ac133\" data-element_type=\"container\">\n\t\t\t\t<div class=\"elementor-element elementor-element-90736da elementor-widget elementor-widget-text-editor\" data-id=\"90736da\" data-element_type=\"widget\" data-widget_type=\"text-editor.default\">\n\t\t\t\t<div class=\"elementor-widget-container\">\n\t\t\t\t\t\t\t\t\t<p><span style=\"font-weight: 400;\">InTenz, <\/span><\/p><p><span style=\"font-weight: 400;\">soci\u00e9t\u00e9 de conseil experte en solutions SAP, est une entreprise situ\u00e9e dans la r\u00e9gion parisienne. Notre priorit\u00e9 est d&rsquo;offrir \u00e0 nos clients une expertise individualis\u00e9e et p\u00e9renne, gr\u00e2ce \u00e0 notre \u00e9quipe exp\u00e9riment\u00e9e de consultants.\u00a0<\/span><\/p><p><span style=\"font-weight: 400;\">Int\u00e9grez une \u00e9quipe dynamique, talentueuse et soucieuse du d\u00e9veloppement de ses collaborateurs en nous rejoignant.<\/span><\/p>\t\t\t\t\t\t\t\t<\/div>\n\t\t\t\t<\/div>\n\t\t\t\t<\/div>\n\t\t\t\t<\/div>\n\t\t<div class=\"elementor-element elementor-element-5e7186d e-con-full e-flex e-con e-child\" data-id=\"5e7186d\" data-element_type=\"container\">\n\t\t\t\t<div class=\"elementor-element elementor-element-7fce845 elementor-widget elementor-widget-text-editor\" data-id=\"7fce845\" data-element_type=\"widget\" data-widget_type=\"text-editor.default\">\n\t\t\t\t<div class=\"elementor-widget-container\">\n\t\t\t\t\t\t\t\t\t<span style=\"font-weight: 400;\">Pour une candidature spontan\u00e9e, n\u2019h\u00e9sitez pas \u00e0 nous contacter \u00e0 l\u2019adresse mail suivante : <\/span><span style=\"color:#E3AC2B;\">contact@intenz.fr<\/span>\t\t\t\t\t\t\t\t<\/div>\n\t\t\t\t<\/div>\n\t\t\t\t<\/div>\n\t\t\t\t\t<\/div>\n\t\t\t\t<\/div>\n\t\t<div class=\"elementor-element elementor-element-461c616 elementor-hidden-desktop elementor-hidden-tablet elementor-hidden-mobile e-flex e-con-boxed e-con e-parent\" data-id=\"461c616\" data-element_type=\"container\">\n\t\t\t\t\t<div class=\"e-con-inner\">\n\t\t<div class=\"elementor-element elementor-element-4bd3fd7 e-con-full e-transform e-flex e-con e-child\" data-id=\"4bd3fd7\" data-element_type=\"container\" data-settings=\"{&quot;_transform_scale_effect_hover&quot;:{&quot;unit&quot;:&quot;px&quot;,&quot;size&quot;:1.1,&quot;sizes&quot;:[]},&quot;_transform_scale_effect_hover_tablet&quot;:{&quot;unit&quot;:&quot;px&quot;,&quot;size&quot;:&quot;&quot;,&quot;sizes&quot;:[]},&quot;_transform_scale_effect_hover_mobile&quot;:{&quot;unit&quot;:&quot;px&quot;,&quot;size&quot;:&quot;&quot;,&quot;sizes&quot;:[]}}\">\n\t\t<div class=\"elementor-element elementor-element-17d0e91 e-flex e-con-boxed e-con e-child\" data-id=\"17d0e91\" data-element_type=\"container\">\n\t\t\t\t\t<div class=\"e-con-inner\">\n\t\t\t\t<div class=\"elementor-element elementor-element-73112fd elementor-widget elementor-widget-text-editor\" data-id=\"73112fd\" data-element_type=\"widget\" data-widget_type=\"text-editor.default\">\n\t\t\t\t<div class=\"elementor-widget-container\">\n\t\t\t\t\t\t\t\t\t<p style=\"text-align: center; height: 95px;\"><img decoding=\"async\" class=\"alignnone size-full wp-image-182 aligncenter\" src=\"http:\/\/i-workspace.ovh\/wp-content\/uploads\/2023\/11\/noun-vision-3.png\" alt=\"\" width=\"94\" height=\"94\" \/><\/p>\t\t\t\t\t\t\t\t<\/div>\n\t\t\t\t<\/div>\n\t\t\t\t\t<\/div>\n\t\t\t\t<\/div>\n\t\t\t\t<div class=\"elementor-element elementor-element-f069ba2 elementor-widget elementor-widget-text-editor\" data-id=\"f069ba2\" data-element_type=\"widget\" data-widget_type=\"text-editor.default\">\n\t\t\t\t<div class=\"elementor-widget-container\">\n\t\t\t\t\t\t\t\t\t<h3 style=\"text-align: center;\">Notre vision<\/h3>\nbkbkbkb\n\njbkbjvjv\t\t\t\t\t\t\t\t<\/div>\n\t\t\t\t<\/div>\n\t\t\t\t<\/div>\n\t\t<div class=\"elementor-element elementor-element-9ddca4f e-con-full e-transform e-flex e-con e-child\" data-id=\"9ddca4f\" data-element_type=\"container\" data-settings=\"{&quot;_transform_scale_effect_hover&quot;:{&quot;unit&quot;:&quot;px&quot;,&quot;size&quot;:1.1,&quot;sizes&quot;:[]},&quot;_transform_scale_effect_hover_tablet&quot;:{&quot;unit&quot;:&quot;px&quot;,&quot;size&quot;:&quot;&quot;,&quot;sizes&quot;:[]},&quot;_transform_scale_effect_hover_mobile&quot;:{&quot;unit&quot;:&quot;px&quot;,&quot;size&quot;:&quot;&quot;,&quot;sizes&quot;:[]}}\">\n\t\t<div class=\"elementor-element elementor-element-d63bf16 e-flex e-con-boxed e-con e-child\" data-id=\"d63bf16\" data-element_type=\"container\">\n\t\t\t\t\t<div class=\"e-con-inner\">\n\t\t\t\t<div class=\"elementor-element elementor-element-1c75ec9 elementor-widget elementor-widget-text-editor\" data-id=\"1c75ec9\" data-element_type=\"widget\" data-widget_type=\"text-editor.default\">\n\t\t\t\t<div class=\"elementor-widget-container\">\n\t\t\t\t\t\t\t\t\t<p style=\"text-align: center; height: 95px;\"><img decoding=\"async\" class=\"alignnone size-full wp-image-180\" src=\"http:\/\/i-workspace.ovh\/wp-content\/uploads\/2023\/11\/noun-adn-94x94-1.png\" alt=\"\" width=\"94\" height=\"94\" \/><\/p>\t\t\t\t\t\t\t\t<\/div>\n\t\t\t\t<\/div>\n\t\t\t\t\t<\/div>\n\t\t\t\t<\/div>\n\t\t\t\t<div class=\"elementor-element elementor-element-a9e37ca elementor-widget elementor-widget-text-editor\" data-id=\"a9e37ca\" data-element_type=\"widget\" data-widget_type=\"text-editor.default\">\n\t\t\t\t<div class=\"elementor-widget-container\">\n\t\t\t\t\t\t\t\t\t<h3 style=\"text-align: center;\">Notre ADN<\/h3>\t\t\t\t\t\t\t\t<\/div>\n\t\t\t\t<\/div>\n\t\t\t\t<\/div>\n\t\t<div class=\"elementor-element elementor-element-aa52df4 e-con-full e-transform e-transform e-flex e-con e-child\" data-id=\"aa52df4\" data-element_type=\"container\" data-settings=\"{&quot;_transform_scale_effect_hover&quot;:{&quot;unit&quot;:&quot;px&quot;,&quot;size&quot;:1.1,&quot;sizes&quot;:[]},&quot;_transform_scale_effect&quot;:{&quot;unit&quot;:&quot;px&quot;,&quot;size&quot;:&quot;&quot;,&quot;sizes&quot;:[]},&quot;_transform_scale_effect_tablet&quot;:{&quot;unit&quot;:&quot;px&quot;,&quot;size&quot;:&quot;&quot;,&quot;sizes&quot;:[]},&quot;_transform_scale_effect_mobile&quot;:{&quot;unit&quot;:&quot;px&quot;,&quot;size&quot;:&quot;&quot;,&quot;sizes&quot;:[]},&quot;_transform_scale_effect_hover_tablet&quot;:{&quot;unit&quot;:&quot;px&quot;,&quot;size&quot;:&quot;&quot;,&quot;sizes&quot;:[]},&quot;_transform_scale_effect_hover_mobile&quot;:{&quot;unit&quot;:&quot;px&quot;,&quot;size&quot;:&quot;&quot;,&quot;sizes&quot;:[]}}\">\n\t\t<div class=\"elementor-element elementor-element-d6e75be e-flex e-con-boxed e-con e-child\" data-id=\"d6e75be\" data-element_type=\"container\">\n\t\t\t\t\t<div class=\"e-con-inner\">\n\t\t\t\t<div class=\"elementor-element elementor-element-b09adf8 elementor-widget elementor-widget-text-editor\" data-id=\"b09adf8\" data-element_type=\"widget\" data-widget_type=\"text-editor.default\">\n\t\t\t\t<div class=\"elementor-widget-container\">\n\t\t\t\t\t\t\t\t\t<p style=\"text-align: center; height: 95px;\"><img loading=\"lazy\" decoding=\"async\" class=\"alignnone wp-image-183 size-full\" src=\"http:\/\/i-workspace.ovh\/wp-content\/uploads\/2023\/11\/noun-value-94x94-1.png\" alt=\"\" width=\"94\" height=\"94\" \/><\/p>\t\t\t\t\t\t\t\t<\/div>\n\t\t\t\t<\/div>\n\t\t\t\t\t<\/div>\n\t\t\t\t<\/div>\n\t\t\t\t<div class=\"elementor-element elementor-element-1d65181 elementor-widget elementor-widget-text-editor\" data-id=\"1d65181\" data-element_type=\"widget\" data-widget_type=\"text-editor.default\">\n\t\t\t\t<div class=\"elementor-widget-container\">\n\t\t\t\t\t\t\t\t\t<h3 style=\"text-align: center;\">Nos valeurs<\/h3><p>jkjkjkj<\/p><p>jkjkjj<\/p>\t\t\t\t\t\t\t\t<\/div>\n\t\t\t\t<\/div>\n\t\t\t\t<\/div>\n\t\t\t\t\t<\/div>\n\t\t\t\t<\/div>\n\t\t<div class=\"elementor-element elementor-element-b6cece1 e-flex e-con-boxed e-con e-parent\" data-id=\"b6cece1\" data-element_type=\"container\" data-settings=\"{&quot;position&quot;:&quot;fixed&quot;}\">\n\t\t\t\t\t<div class=\"e-con-inner\">\n\t\t\t\t<div class=\"elementor-element elementor-element-efdf95d elementor-align-left elementor-widget elementor-widget-button\" data-id=\"efdf95d\" data-element_type=\"widget\" data-widget_type=\"button.default\">\n\t\t\t\t<div class=\"elementor-widget-container\">\n\t\t\t\t\t\t\t\t\t<div class=\"elementor-button-wrapper\">\n\t\t\t\t\t<a class=\"elementor-button elementor-button-link elementor-size-lg elementor-animation-grow\" href=\"https:\/\/i-workspace.ovh\/index.php\/intenz-career\/\" id=\"cv_button\">\n\t\t\t\t\t\t<span class=\"elementor-button-content-wrapper\">\n\t\t\t\t\t\t\t\t\t<span class=\"elementor-button-text\">Pose ton CV !<\/span>\n\t\t\t\t\t<\/span>\n\t\t\t\t\t<\/a>\n\t\t\t\t<\/div>\n\t\t\t\t\t\t\t\t<\/div>\n\t\t\t\t<\/div>\n\t\t\t\t\t<\/div>\n\t\t\t\t<\/div>\n\t\t\t\t<\/div>\n\t\t","protected":false},"excerpt":{"rendered":"<p>Rejoignez l&rsquo;aventure &#8230; InTenz, soci\u00e9t\u00e9 de conseil experte en solutions SAP, est une entreprise situ\u00e9e dans la r\u00e9gion parisienne. Notre priorit\u00e9 est d&rsquo;offrir \u00e0 nos clients une expertise individualis\u00e9e et p\u00e9renne, gr\u00e2ce \u00e0 notre \u00e9quipe exp\u00e9riment\u00e9e de consultants.\u00a0 Int\u00e9grez une \u00e9quipe dynamique, talentueuse et soucieuse du d\u00e9veloppement de ses collaborateurs en nous rejoignant. InTenz, soci\u00e9t\u00e9&hellip;&nbsp;<a href=\"https:\/\/intenz.fr\/index.php\/nous-rejoindre\/\" class=\"\" rel=\"bookmark\">Lire la suite &raquo;<span class=\"screen-reader-text\">Nous rejoindre<\/span><\/a><\/p>\n","protected":false},"author":1,"featured_media":0,"parent":0,"menu_order":0,"comment_status":"closed","ping_status":"closed","template":"","meta":{"neve_meta_sidebar":"","neve_meta_container":"","neve_meta_enable_content_width":"on","neve_meta_content_width":100,"neve_meta_title_alignment":"","neve_meta_author_avatar":"","neve_post_elements_order":"","neve_meta_disable_header":"","neve_meta_disable_footer":"","neve_meta_disable_title":"on","footnotes":""},"class_list":["post-13","page","type-page","status-publish","hentry"],"yoast_head":"<!-- This site is optimized with the Yoast SEO plugin v24.1 - https:\/\/yoast.com\/wordpress\/plugins\/seo\/ -->\n<title>Nous rejoindre - InTenz<\/title>\n<meta name=\"robots\" content=\"index, follow, max-snippet:-1, max-image-preview:large, max-video-preview:-1\" \/>\n<link rel=\"canonical\" href=\"https:\/\/intenz.fr\/index.php\/nous-rejoindre\/\" \/>\n<meta property=\"og:locale\" content=\"fr_FR\" \/>\n<meta property=\"og:type\" content=\"article\" \/>\n<meta property=\"og:title\" content=\"Nous rejoindre - InTenz\" \/>\n<meta property=\"og:description\" content=\"Rejoignez l&rsquo;aventure &#8230; InTenz, soci\u00e9t\u00e9 de conseil experte en solutions SAP, est une entreprise situ\u00e9e dans la r\u00e9gion parisienne. Notre priorit\u00e9 est d&rsquo;offrir \u00e0 nos clients une expertise individualis\u00e9e et p\u00e9renne, gr\u00e2ce \u00e0 notre \u00e9quipe exp\u00e9riment\u00e9e de consultants.\u00a0 Int\u00e9grez une \u00e9quipe dynamique, talentueuse et soucieuse du d\u00e9veloppement de ses collaborateurs en nous rejoignant. InTenz, soci\u00e9t\u00e9&hellip;&nbsp;Lire la suite &raquo;Nous rejoindre\" \/>\n<meta property=\"og:url\" content=\"https:\/\/intenz.fr\/index.php\/nous-rejoindre\/\" \/>\n<meta property=\"og:site_name\" content=\"InTenz\" \/>\n<meta property=\"article:modified_time\" content=\"2023-12-09T11:28:49+00:00\" \/>\n<meta property=\"og:image\" content=\"http:\/\/i-workspace.ovh\/wp-content\/uploads\/2023\/11\/Join_us_large.png\" \/>\n<meta name=\"twitter:card\" content=\"summary_large_image\" \/>\n<meta name=\"twitter:label1\" content=\"Dur\u00e9e de lecture estim\u00e9e\" \/>\n\t<meta name=\"twitter:data1\" content=\"1 minute\" \/>\n<script type=\"application\/ld+json\" class=\"yoast-schema-graph\">{\"@context\":\"https:\/\/schema.org\",\"@graph\":[{\"@type\":\"WebPage\",\"@id\":\"https:\/\/intenz.fr\/index.php\/nous-rejoindre\/\",\"url\":\"https:\/\/intenz.fr\/index.php\/nous-rejoindre\/\",\"name\":\"Nous rejoindre - InTenz\",\"isPartOf\":{\"@id\":\"https:\/\/intenz.fr\/#website\"},\"primaryImageOfPage\":{\"@id\":\"https:\/\/intenz.fr\/index.php\/nous-rejoindre\/#primaryimage\"},\"image\":{\"@id\":\"https:\/\/intenz.fr\/index.php\/nous-rejoindre\/#primaryimage\"},\"thumbnailUrl\":\"http:\/\/i-workspace.ovh\/wp-content\/uploads\/2023\/11\/Join_us_large.png\",\"datePublished\":\"2023-10-11T07:11:59+00:00\",\"dateModified\":\"2023-12-09T11:28:49+00:00\",\"breadcrumb\":{\"@id\":\"https:\/\/intenz.fr\/index.php\/nous-rejoindre\/#breadcrumb\"},\"inLanguage\":\"fr-FR\",\"potentialAction\":[{\"@type\":\"ReadAction\",\"target\":[\"https:\/\/intenz.fr\/index.php\/nous-rejoindre\/\"]}]},{\"@type\":\"ImageObject\",\"inLanguage\":\"fr-FR\",\"@id\":\"https:\/\/intenz.fr\/index.php\/nous-rejoindre\/#primaryimage\",\"url\":\"http:\/\/i-workspace.ovh\/wp-content\/uploads\/2023\/11\/Join_us_large.png\",\"contentUrl\":\"http:\/\/i-workspace.ovh\/wp-content\/uploads\/2023\/11\/Join_us_large.png\"},{\"@type\":\"BreadcrumbList\",\"@id\":\"https:\/\/intenz.fr\/index.php\/nous-rejoindre\/#breadcrumb\",\"itemListElement\":[{\"@type\":\"ListItem\",\"position\":1,\"name\":\"Accueil\",\"item\":\"https:\/\/intenz.fr\/\"},{\"@type\":\"ListItem\",\"position\":2,\"name\":\"Nous rejoindre\"}]},{\"@type\":\"WebSite\",\"@id\":\"https:\/\/intenz.fr\/#website\",\"url\":\"https:\/\/intenz.fr\/\",\"name\":\"InTenz\",\"description\":\"\",\"publisher\":{\"@id\":\"https:\/\/intenz.fr\/#organization\"},\"potentialAction\":[{\"@type\":\"SearchAction\",\"target\":{\"@type\":\"EntryPoint\",\"urlTemplate\":\"https:\/\/intenz.fr\/?s={search_term_string}\"},\"query-input\":{\"@type\":\"PropertyValueSpecification\",\"valueRequired\":true,\"valueName\":\"search_term_string\"}}],\"inLanguage\":\"fr-FR\"},{\"@type\":\"Organization\",\"@id\":\"https:\/\/intenz.fr\/#organization\",\"name\":\"InTenz\",\"url\":\"https:\/\/intenz.fr\/\",\"logo\":{\"@type\":\"ImageObject\",\"inLanguage\":\"fr-FR\",\"@id\":\"https:\/\/intenz.fr\/#\/schema\/logo\/image\/\",\"url\":\"https:\/\/intenz.fr\/wp-content\/uploads\/2023\/12\/Intenz_Logo_sans_fond.png\",\"contentUrl\":\"https:\/\/intenz.fr\/wp-content\/uploads\/2023\/12\/Intenz_Logo_sans_fond.png\",\"width\":1920,\"height\":1080,\"caption\":\"InTenz\"},\"image\":{\"@id\":\"https:\/\/intenz.fr\/#\/schema\/logo\/image\/\"},\"sameAs\":[\"https:\/\/www.linkedin.com\/company\/intenz-groupe-codilog\/\"]}]}<\/script>\n<!-- \/ Yoast SEO plugin. -->","yoast_head_json":{"title":"Nous rejoindre - InTenz","robots":{"index":"index","follow":"follow","max-snippet":"max-snippet:-1","max-image-preview":"max-image-preview:large","max-video-preview":"max-video-preview:-1"},"canonical":"https:\/\/intenz.fr\/index.php\/nous-rejoindre\/","og_locale":"fr_FR","og_type":"article","og_title":"Nous rejoindre - InTenz","og_description":"Rejoignez l&rsquo;aventure &#8230; InTenz, soci\u00e9t\u00e9 de conseil experte en solutions SAP, est une entreprise situ\u00e9e dans la r\u00e9gion parisienne. Notre priorit\u00e9 est d&rsquo;offrir \u00e0 nos clients une expertise individualis\u00e9e et p\u00e9renne, gr\u00e2ce \u00e0 notre \u00e9quipe exp\u00e9riment\u00e9e de consultants.\u00a0 Int\u00e9grez une \u00e9quipe dynamique, talentueuse et soucieuse du d\u00e9veloppement de ses collaborateurs en nous rejoignant. InTenz, soci\u00e9t\u00e9&hellip;&nbsp;Lire la suite &raquo;Nous rejoindre","og_url":"https:\/\/intenz.fr\/index.php\/nous-rejoindre\/","og_site_name":"InTenz","article_modified_time":"2023-12-09T11:28:49+00:00","og_image":[{"url":"http:\/\/i-workspace.ovh\/wp-content\/uploads\/2023\/11\/Join_us_large.png","type":"","width":"","height":""}],"twitter_card":"summary_large_image","twitter_misc":{"Dur\u00e9e de lecture estim\u00e9e":"1 minute"},"schema":{"@context":"https:\/\/schema.org","@graph":[{"@type":"WebPage","@id":"https:\/\/intenz.fr\/index.php\/nous-rejoindre\/","url":"https:\/\/intenz.fr\/index.php\/nous-rejoindre\/","name":"Nous rejoindre - InTenz","isPartOf":{"@id":"https:\/\/intenz.fr\/#website"},"primaryImageOfPage":{"@id":"https:\/\/intenz.fr\/index.php\/nous-rejoindre\/#primaryimage"},"image":{"@id":"https:\/\/intenz.fr\/index.php\/nous-rejoindre\/#primaryimage"},"thumbnailUrl":"http:\/\/i-workspace.ovh\/wp-content\/uploads\/2023\/11\/Join_us_large.png","datePublished":"2023-10-11T07:11:59+00:00","dateModified":"2023-12-09T11:28:49+00:00","breadcrumb":{"@id":"https:\/\/intenz.fr\/index.php\/nous-rejoindre\/#breadcrumb"},"inLanguage":"fr-FR","potentialAction":[{"@type":"ReadAction","target":["https:\/\/intenz.fr\/index.php\/nous-rejoindre\/"]}]},{"@type":"ImageObject","inLanguage":"fr-FR","@id":"https:\/\/intenz.fr\/index.php\/nous-rejoindre\/#primaryimage","url":"http:\/\/i-workspace.ovh\/wp-content\/uploads\/2023\/11\/Join_us_large.png","contentUrl":"http:\/\/i-workspace.ovh\/wp-content\/uploads\/2023\/11\/Join_us_large.png"},{"@type":"BreadcrumbList","@id":"https:\/\/intenz.fr\/index.php\/nous-rejoindre\/#breadcrumb","itemListElement":[{"@type":"ListItem","position":1,"name":"Accueil","item":"https:\/\/intenz.fr\/"},{"@type":"ListItem","position":2,"name":"Nous rejoindre"}]},{"@type":"WebSite","@id":"https:\/\/intenz.fr\/#website","url":"https:\/\/intenz.fr\/","name":"InTenz","description":"","publisher":{"@id":"https:\/\/intenz.fr\/#organization"},"potentialAction":[{"@type":"SearchAction","target":{"@type":"EntryPoint","urlTemplate":"https:\/\/intenz.fr\/?s={search_term_string}"},"query-input":{"@type":"PropertyValueSpecification","valueRequired":true,"valueName":"search_term_string"}}],"inLanguage":"fr-FR"},{"@type":"Organization","@id":"https:\/\/intenz.fr\/#organization","name":"InTenz","url":"https:\/\/intenz.fr\/","logo":{"@type":"ImageObject","inLanguage":"fr-FR","@id":"https:\/\/intenz.fr\/#\/schema\/logo\/image\/","url":"https:\/\/intenz.fr\/wp-content\/uploads\/2023\/12\/Intenz_Logo_sans_fond.png","contentUrl":"https:\/\/intenz.fr\/wp-content\/uploads\/2023\/12\/Intenz_Logo_sans_fond.png","width":1920,"height":1080,"caption":"InTenz"},"image":{"@id":"https:\/\/intenz.fr\/#\/schema\/logo\/image\/"},"sameAs":["https:\/\/www.linkedin.com\/company\/intenz-groupe-codilog\/"]}]}},"_links":{"self":[{"href":"https:\/\/intenz.fr\/index.php\/wp-json\/wp\/v2\/pages\/13","targetHints":{"allow":["GET"]}}],"collection":[{"href":"https:\/\/intenz.fr\/index.php\/wp-json\/wp\/v2\/pages"}],"about":[{"href":"https:\/\/intenz.fr\/index.php\/wp-json\/wp\/v2\/types\/page"}],"author":[{"embeddable":true,"href":"https:\/\/intenz.fr\/index.php\/wp-json\/wp\/v2\/users\/1"}],"replies":[{"embeddable":true,"href":"https:\/\/intenz.fr\/index.php\/wp-json\/wp\/v2\/comments?post=13"}],"version-history":[{"count":46,"href":"https:\/\/intenz.fr\/index.php\/wp-json\/wp\/v2\/pages\/13\/revisions"}],"predecessor-version":[{"id":665,"href":"https:\/\/intenz.fr\/index.php\/wp-json\/wp\/v2\/pages\/13\/revisions\/665"}],"wp:attachment":[{"href":"https:\/\/intenz.fr\/index.php\/wp-json\/wp\/v2\/media?parent=13"}],"curies":[{"name":"wp","href":"https:\/\/api.w.org\/{rel}","templated":true}]}}